0 = -5*d - 1 - 4. Let p = -1 - d. Let h = p + 9. What is the units digit of h?
9
Suppose 0 = 2*q + 5 - 3. Let c(a) = -a**2 + 6*a - 6. Let b be c(4). What is the units digit of b/1*(3 - q)?
8
Suppose -2*f = f - 27. Suppose 5*a - 11 = f. What is the units digit of a?
4
Let i(m) = -m**3 - 5*m**2 + 5*m. Let g be i(-6). Let l be ((-4)/(-6))/(g/81). Suppose -h + l = -4. What is the tens digit of h?
1
Suppose 3*c + 4 - 139 = 0. What is the units digit of c?
5
Let o(t) = -2*t**3 - 3*t**2 - t - 2. Let s be 9/(-5) - 2/10. Let c be o(s). What is the units digit of -2*(-1)/c*10?
5
Let u = 7 + -7. Suppose 3*z - 24 + 0 = u. What is the units digit of z?
8
Suppose -7*w + 2*w = 15. Let x = w - -6. Suppose 0 = x*q - 3*f - 60, 4*q - 5*f - 29 = 55. What is the units digit of q?
6
Let h(b) = b**2 + 11*b - 5. Let i = 14 - 27. What is the tens digit of h(i)?
2
Let q be 0*(2 + 9/(-6)). Suppose -3*m + 45 = -q*m. What is the units digit of m?
5
Let f(u) = -2*u - 8. Let a be f(-10). What is the units digit of (-102)/(-8) + 3/a?
3
Let f be 3/(-12) - 18/(-8). Suppose h = -0*h + f. Let v = h + -1. What is the units digit of v?
1
Let i = 64 + -39. Suppose -5 = -5*y + i. What is the units digit of y?
6
Let l(i) = i**3 + 7*i**2 + 8*i + 6. Suppose 0*o - o - 6 = 0. Let m be l(o). What is the units digit of 2/m + (-110)/(-15)?
7
Let t be (-2)/(21/9 + -3). Suppose -40 = -t*q - 1. What is the tens digit of q?
1
Let q(h) = h. Let k be q(-2). What is the units digit of 20/(-3)*3/k?
0
Let i(p) = p - 8. What is the units digit of i(9)?
1
Let d = 2 + 0. Suppose -d*g + 0*g - 2 = -4*h, h = g - 1. Suppose -4*u = 3*n + h*n - 5, -u - 4*n = 7. What is the units digit of u?
5
Suppose 0 = -j - 3*j + 92. Let k = 15 + j. What is the tens digit of k?
3
Suppose -4*p + 60 = -4*d, -d = 1 + 1. Suppose -p = -5*u + 22. Suppose 0 = -3*s - u + 40. What is the units digit of s?
1
Let f = 6 + 3. What is the units digit of f?
9
Suppose -2*d - 3*n = -3 - 7, -d + 3*n - 4 = 0. Suppose j + 4 = d. Let u = 4 + j. What is the units digit of u?
2
Let l(c) = -c**3 + 7*c**2 - 3*c - 8. Let g = -19 + 32. Let z = g - 7. What is the units digit of l(z)?
0
Suppose 75*w = 78*w - 57. What is the tens digit of w?
1
Let t(d) = -3*d**2 + 5*d**2 + 0*d - d + 6 - d**2. What is the units digit of t(0)?
6
Let m = -21 - -45. Suppose 5*r = r + m. What is the units digit of r?
6
Let s(j) = -1 + 0 - j - 3*j. What is the tens digit of s(-3)?
1
Let x = 94 - -9. What is the units digit of x?
3
What is the hundreds digit of ((1 + 3)/2)/((-1)/(-91))?
1
Suppose 0 = 4*n + z - 25, 0 = -3*n - 2*z - z + 21. Let r(t) = t**2 - 5*t + 5. What is the units digit of r(n)?
1
Let c be (9/3)/((-3)/(-2)). What is the units digit of (c + (-5)/2)*-2?
1
Let a(t) be the second derivative of t**4/12 + 2*t**3/3 + 5*t**2 - t. Let l be a(-8). Suppose 2*m - l = -0*m. What is the units digit of m?
1
Suppose -15 = -3*m - 3. Let b = 8 - m. Suppose -b*p + 56 = 5*x, 0 = -2*p - 3*p + 20. What is the units digit of x?
8
Let v(w) be the first derivative of w**3/3 + 4*w**2 + 5*w + 1. Let i be -10*((-12)/5)/(-3). What is the units digit of v(i)?
5
Let p(c) = -6*c - 29. Let a(o) = -2*o - 10. Let d(k) = -11*a(k) + 4*p(k). Let s be d(-4). What is the units digit of (-68)/(-12)*(s + 1)?
7
Let y(q) = q + 3. Let x be y(4). Let h(c) = -c**3 + 6*c**2 + 8*c + 9. What is the units digit of h(x)?
6
Let v = 36 - 26. Suppose -2 = 3*u - 5, -2*u + v = 2*b. Suppose -k - 4*s = -3*k, 0 = -k - b*s + 6. What is the units digit of k?
2
Let f(p) be the second derivative of 2*p**4/3 + p**3/3 - 3*p**2/2 + p. Let q be f(2). Suppose 2*m - q = -3*w + 3*m, 41 = 5*w + 3*m. What is the tens digit of w?
1
Let m = 46 - -56. What is the hundreds digit of m?
1
Suppose -i = 13 - 17. What is the units digit of i?
4
Let v = 139 + -86. What is the units digit of v?
3
Suppose 6*w - 209 = -5*w. What is the units digit of w?
9
Suppose -3*w = 2*w - 15. Let z = w + -2. What is the units digit of z?
1
Suppose z - 214 = 31. What is the tens digit of z?
4
Let f(h) = h**2 - h + 6. Let y be f(0). Let r(x) = -x**2 + 9*x - 5. What is the units digit of r(y)?
3
Let b(d) = -d**2 - 15*d - 4. What is the units digit of b(-12)?
2
Suppose 0 = -6*r - 52 + 418. What is the tens digit of r?
6
Let b = -59 + 87. Suppose 4*u = -4*q + b, 5*u + 10 = q + 3*q. What is the units digit of q?
5
Suppose -3*j + 4*l + 46 = 0, 5*l - 124 = -5*j + 11. Suppose -j = -5*r - 7. Let b(n) = -n**2 + 3*n + 1. What is the units digit of b(r)?
1
Let y = 53 + -29. What is the units digit of (y/20)/(2/10)?
6
Suppose -2*k - 4*a - 80 = 0, -k - 3 = -a + 25. What is the units digit of 3*(k/(-12) - 1)?
5
Suppose -4 = -4*z + 4. What is the units digit of z?
2
Suppose 3*y - 16 + 1 = 0. Suppose w = -y*h + 23, -w = -h - 6*w + 19. Let r(c) = 2*c - 1. What is the units digit of r(h)?
7
Let b be -2 - -2 - (11 - -2). Let m = b - -26. What is the tens digit of m?
1
Suppose 4*q - 14 + 2 = 0. Suppose 12 = -5*n - q*w + 137, -3*n + 41 = -5*w. What is the tens digit of n?
2
Let m(s) = 3*s**2 + 3*s + 2. Let q be m(-4). Suppose 4*f = 5*h - q, 3*f + 26 = 2*h + 5*f. What is the units digit of h?
0
Suppose 8*c = 3*c + 70. Let m = -2 + c. What is the tens digit of m?
1
What is the units digit of (-29)/(10/(-2) + 4)?
9
Let n = -306 - -439. Let h = 187 - n. Suppose -w + 2*u + 18 = 0, 2*w = -w + 5*u + h. What is the tens digit of w?
1
Let x = 0 - -20. Suppose -5*u + x = -3*u. What is the units digit of u?
0
Let g(d) = -3*d + 1. Let k(o) = 2*o - 2. Let m(z) = 5*g(z) + 4*k(z). What is the tens digit of m(-2)?
1
Let k be 38/8 - (-2)/8. Let q(c) = 4*c**2 - c - 3. Let f(g) = -g**2 - g + 1. Let v(t) = k*f(t) + q(t). What is the units digit of v(-6)?
2
Let m(c) = 4*c**3 - 4*c + 0*c**2 - 3*c**3 - 5*c**2 - 4 + 3*c. Let l be m(3). Let t = l + 35. What is the tens digit of t?
1
Suppose 3*t + 3*a - 5*a = 57, 4*t = -2*a + 90. Suppose -t = -5*f + 2*f. Suppose -3*r = -3*s - 12, -3*r + 25 = s - f. What is the units digit of r?
9
Let w(c) = -6*c - 10. Let x(t) = t + 1. Let n(u) = -w(u) - 5*x(u). Let p be 3/(-6) + (-7)/2. What is the units digit of n(p)?
1
Suppose 8 = -2*n + 4*b + 28, b + 5 = -4*n. Suppose n = -a - 4*c + 16, -2*a - 5*c + 34 = a. What is the units digit of a?
8
Let z(g) = g - 7. Let a be z(11). Suppose -5*n + 53 = 3*k, a*k - 2*n + 0 - 62 = 0. What is the units digit of k?
6
Let r = -3 + 5. Let j = r + 2. Suppose j*i - 36 = -0*i. What is the units digit of i?
9
Let b = 39 + 12. What is the units digit of b?
1
Let c be 4/5*(-45)/(-6). Let j = c - 5. What is the units digit of j?
1
Let n(p) = p**3 + 60. Let m be n(0). Suppose 0 = -2*v - v + m. What is the tens digit of v?
2
What is the tens digit of (-622)/(-7) - 5/(-35)?
8
Let w be ((-2)/3)/(4/(-6)). What is the units digit of 6 + w*(1 + 1)?
8
Let b(n) be the second derivative of n**3/2 - 2*n**2 + 2*n. What is the tens digit of b(5)?
1
Let u = -20 + 14. Suppose 14*a - 4*a = 10. Let m = a - u. What is the units digit of m?
7
Suppose 0 = -3*d + c - 5*c + 12, -49 = -5*d + 3*c. Suppose -d = -f - 0. What is the units digit of f?
8
Let l(m) = m + 13. What is the units digit of l(-7)?
6
Let y be -28*(-3 - 2/(-1)). What is the tens digit of y/2 - 3/(-1)?
1
Suppose 5*p - 160 = -5*y, 0 = 2*p - 3*y - 81 - 8. What is the tens digit of p?
3
Suppose 5*c - 30 = 15. What is the units digit of c?
9
Suppose -47 = -4*a - 11. Let u be (8/6)/((-3)/a). What is the units digit of (u/5)/((-1)/5)?
4
Let p(y) = 76*y**2. Let u be p(-1). Suppose 3*c = u - 16. What is the tens digit of c?
2
What is the tens digit of 3 + -7 - (-5 + -150)?
5
Let q = 56 + -38. What is the tens digit of q?
1
Suppose 0*q + 2*q = 0. Let i be 2 + 1 + (14 - 2). Suppose i = 5*b - q. What is the units digit of b?
3
Suppose -2*j = m + 64 - 21, -2*m + 3*j = 86. Let u = m - 6. What is the tens digit of (-68)/(-7) + (-14)/u?
1
Suppose -3*a = -7*a + 16. Suppose 9 = a*y - 3*y. What is the units digit of y?
9
Let s = -13 - -23. Suppose 4*o + f - 1 = 0, -o + 2*f = 3*o - s. Let p = 2 - o. What is the units digit of p?
1
Let y(s) = s**3 + 96. What is the tens digit of y(0)?
9
Let d(m) be the third derivative of m**2 + 0 + 1/120*m**6 + 0*m**4 + 1/20*m**5 + 1/2*m**3 + 0*m. What is the units digit of d(-3)?
3
Let l(u) = 2*u - 2. Let k(r) = -r. Let p be k(-2). What is the units digit of l(p)?
2
Let b(m)